e remainder when 2692 is divided by 1659?
1033
What is the remainder when 65412 is divided by 9274?
494
Calculate the remainder when 2405189 is divided by 1623.
1526
What is the remainder when 133283 is divided by 814?
601
Calculate the remainder when 121686 is divided by 58499.
4688
What is the remainder when 169316 is divided by 11205?
1241
What is the remainder when 508673 is divided by 612?
101
Calculate the remainder when 5246330 is divided by 3479.
3477
Calculate the remainder when 55281 is divided by 1580.
1561
What is the remainder when 3369756 is divided by 17?
16
What is the remainder when 1227942 is divided by 1673?
1633
What is the remainder when 9368354 is divided by 1873669?
9
Calculate the remainder when 442775 is divided by 1444.
911
Calculate the remainder when 12032531 is divided by 152310.
41
What is the remainder when 4125598 is divided by 6?
4
Calculate the remainder when 9103527 is divided by 4551738.
51
Calculate the remainder when 758644 is divided by 532.
12
What is the remainder when 11883 is divided by 1305?
138
Calculate the remainder when 1716496 is divided by 1441.
265
What is the remainder when 1064616 is divided by 177?
138
What is the remainder when 2576026 is divided by 379?
342
What is the remainder when 39436 is divided by 19710?
16
Calculate the remainder when 20750421 is divided by 528.
21
Calculate the remainder when 319982766 is divided by 658.
656
What is the remainder when 2492792 is divided by 830928?
8
Calculate the remainder when 107362834 is divided by 107.
104
What is the remainder when 107400 is divided by 4875?
150
Calculate the remainder when 4861367 is divided by 1662.
17
Calculate the remainder when 1187381 is divided by 7661.
7587
Calculate the remainder when 265600 is divided by 64280.
8480
Calculate the remainder when 1079449793 is divided by 1382.
1379
What is the remainder when 45605217 is divided by 367784?
1
Calculate the remainder when 90250610 is divided by 99.
32
What is the remainder when 393522 is divided by 667?
659
What is the remainder when 53094853 is divided by 15?
13
Calculate the remainder when 44496303 is divided by 6356609.
40
Calculate the remainder when 20823 is divided by 1498.
1349
Calculate the remainder when 4643795 is divided by 422160.
35
Calculate the remainder when 2621361 is divided by 46808.
113
What is the remainder when 463558 is divided by 463227?
331
What is the remainder when 4619587 is divided by 1547?
245
Calculate the remainder when 1337104 is divided by 34280.
184
Calculate the remainder when 27075 is divided by 5921.
3391
What is the remainder when 719335 is divided by 1095?
1015
What is the remainder when 7905 is divided by 7661?
244
What is the remainder when 1011524 is divided by 579?
11
Calculate the remainder when 46064476 is divided by 16.
12
Calculate the remainder when 45377 is divided by 363.
2
What is the remainder when 410825 is divided by 101480?
4905
What is the remainder when 15561072 is divided by 598500?
72
What is the remainder when 34810587 is divided by 180?
27
Calculate the remainder when 736104 is divided by 367598.
908
Calculate the remainder when 182588440 is divided by 113.
102
Calculate the remainder when 8221147 is divided by 3.
1
Calculate the remainder when 186305459 is divided by 55.
54
What is the remainder when 247858937 is divided by 2978?
2975
Calculate the remainder when 7629232 is divided by 515.
22
Calculate the remainder when 3999248 is divided by 444356.
44
Calculate the remainder when 9579544 is divided by 1915908.
4
Calculate the remainder when 254837 is divided by 184.
181
Calculate the remainder when 26930 is divided by 94.
46
Calculate the remainder when 47702 is divided by 4.
2
Calculate the remainder when 80197 is divided by 11450.
47
Calculate the remainder when 369344 is divided by 998.
84
Calculate the remainder when 4329558 is divided by 637.
506
What is the remainder when 900643 is divided by 25729?
128
Calculate the remainder when 390917 is divided by 2356.
2177
Calculate the remainder when 762096 is divided by 254018.
42
Calculate the remainder when 15403 is divided by 15263.
140
Calculate the remainder when 20932 is divided by 3406.
496
What is the remainder when 589824 is divided by 1670?
314
Calculate the remainder when 2263246 is divided by 2418.
2416
Calculate the remainder when 232046 is divided by 5156.
26
Calculate the remainder when 15022 is divided by 335.
282
What is the remainder when 49148 is divided by 425?
273
Calculate the remainder when 618471 is divided by 3983.
1106
Calculate the remainder when 50814 is divided by 12298.
1622
What is the remainder when 8475766 is divided by 204?
178
What is the remainder when 15512 is divided by 616?
112
What is the remainder when 3504483 is divided by 2665?
8
Calculate the remainder when 105654 is divided by 3014.
164
Calculate the remainder when 123460 is divided by 198.
106
Calculate the remainder when 11590426 is divided by 94.
38
What is the remainder when 29789553 is divided by 330995?
3
Calculate the remainder when 71876 is divided by 15762.
8828
Calculate the remainder when 19993800 is divided by 1483.
1477
What is the remainder when 148915 is divided by 148494?
421
Calculate the remainder when 471655 is divided by 4752.
1207
What is the remainder when 893207 is divided by 1595?
7
What is the remainder when 8533248 is divided by 250?
248
Calculate the remainder when 96433851 is divided by 108.
3
Calculate the remainder when 2621588 is divided by 273.
242
What is the remainder when 560880 is divided by 4450?
180
Calculate the remainder when 8821529 is divided by 1224.
161
What is the remainder when 25052022 is divided by 69?
54
Calculate the remainder when 782537 is divided by 2516.
61
What is the remainder when 40985 is divided by 11423?
6716
Calculate the remainder when 112724915 is divided by 190.
5
Calculate the remainder when 6885662 is divided by 91.
56
Calculate the remainder when 1259280790 is divided by 3256.
3254
Calculate the remainder when 3617865 is divided by 3030.
45
What is the remainder when 1329746 is divided by 20457?
41
What is the remainder when 347746 is divided by 38630?
76
What is the remainder when 137887 is divided by 7477?
3301
Calculate the remainder when 1938000 is divided by 584.
288
What is the remainder when 1532417 is divided by 153241?
7
Calculate the remainder when 2417501 is divided by 2941.
2940
What is the remainder when 174754333 is divided by 1533?
1531
Calculate the remainder when 38662 is divided by 787.
99
Calculate the remainder when 1269112089 is divided by 12.
9
Calculate the remainder when 769760 is divided by 32073.
8
What is the remainder when 7832703 is divided by 638?
615
What is the remainder when 998192 is divided by 499008?
176
Calculate the remainder when 76398 is divided by 1553.
301
Calculate the remainder when 2329929 is divided by 288.
9
What is the remainder when 400863490 is divided by 108?
106
Calculate the remainder when 237607983 is divided by 278.
271
Calculate the remainder when 11096 is divided by 10816.
280
What is the remainder when 6621038 is divided by 348?
338
What is the remainder when 252544 is divided by 124099?
4346
What is the remainder when 438299 is divided by 234?
17
What is the remainder when 91381 is divided by 30373?
262
Calculate the remainder when 1361623 is divided by 2885.
2788
What is the remainder when 59608 is divided by 508?
172
What is the remainder when 480614 is divided by 2108?
2098
Calculate the remainder when 71910928 is divided by 29.
5
Calculate the remainder when 91521143 is divided by 10296.
10295
Calculate the remainder when 340952 is divided by 47.
14
Calculate the remainder when 2066975 is divided by 15425.
25
What is the remainder when 2846686 is divided by 77?
73
Calculate the remainder when 4102552 is divided by 410251.
42
Calculate the remainder when 78746299 is divided by 832.
827
Calculate the remainder when 119753 is divided by 9210.
23
What is the remainder when 92465 is divided by 2144?
273
What is the remainder when 3538256 is divided by 6743?
4924
What is the remainder when 2700821 is divided by 597?
590
What is the remainder when 485485 is divided by 702?
403
Calculate the remainder when 5840504 is divided by 1020.
1004
W